divisor of 376 and 152.
8
What is the greatest common divisor of 281284 and 96?
4
Calculate the greatest common factor of 94377 and 2509.
193
Calculate the greatest common divisor of 2086 and 2674.
14
Calculate the highest common divisor of 306 and 945846.
306
Calculate the greatest common divisor of 190505 and 665.
35
What is the highest common divisor of 9 and 62268?
3
Calculate the highest common factor of 1523 and 19.
1
What is the highest common divisor of 7 and 1236487?
7
What is the greatest common divisor of 240645 and 90?
15
What is the greatest common factor of 33354 and 1530?
306
What is the greatest common divisor of 1314 and 3906?
18
What is the highest common divisor of 30459 and 363?
33
Calculate the highest common divisor of 57 and 83220.
57
What is the highest common divisor of 82 and 588924?
82
Calculate the greatest common divisor of 208737 and 243.
243
Calculate the highest common divisor of 6745 and 17708.
19
What is the highest common divisor of 18 and 4431762?
18
Calculate the greatest common factor of 4667 and 56363.
359
What is the greatest common factor of 56066 and 26966?
194
What is the highest common factor of 12215 and 105?
35
Calculate the greatest common divisor of 32928 and 2401.
343
Calculate the greatest common factor of 346 and 1893139.
173
Calculate the highest common divisor of 2388948 and 8172.
2724
Calculate the highest common factor of 4018307 and 731.
731
What is the highest common divisor of 4603939 and 373?
373
What is the greatest common divisor of 208851 and 3397?
43
Calculate the highest common factor of 203 and 1799.
7
What is the highest common divisor of 399 and 75943?
133
Calculate the greatest common factor of 96659 and 4151.
593
What is the greatest common divisor of 1615 and 13430?
85
What is the highest common factor of 7128 and 968?
88
Calculate the greatest common divisor of 3386365 and 3790.
1895
Calculate the highest common divisor of 172 and 3168.
4
What is the greatest common divisor of 13482 and 1218?
42
What is the highest common divisor of 466453 and 677?
677
Calculate the greatest common factor of 15 and 221685.
15
Calculate the greatest common factor of 513783 and 108.
27
What is the greatest common divisor of 396 and 2439?
9
Calculate the highest common factor of 2700099 and 172.
43
What is the greatest common factor of 6 and 88269?
3
What is the highest common divisor of 761817 and 42?
21
What is the greatest common factor of 28852 and 76?
4
What is the highest common factor of 226668 and 130?
26
What is the highest common divisor of 184 and 1836688?
184
What is the greatest common divisor of 43695 and 360?
45
Calculate the greatest common divisor of 1677 and 320866.
559
What is the highest common factor of 268 and 282137?
67
What is the greatest common factor of 2032 and 10096?
16
Calculate the highest common factor of 5793413 and 34.
17
What is the greatest common factor of 1834 and 644?
14
What is the highest common factor of 113403 and 309?
309
Calculate the greatest common divisor of 56169 and 9.
9
Calculate the greatest common factor of 875 and 392750.
125
What is the highest common factor of 12665 and 811305?
745
Calculate the greatest common factor of 58 and 558946.
58
Calculate the highest common divisor of 63415 and 25.
5
What is the highest common factor of 147 and 3350816?
49
Calculate the greatest common factor of 9546 and 2738.
74
Calculate the greatest common divisor of 94632 and 24.
24
Calculate the highest common divisor of 84 and 1986054.
42
Calculate the greatest common factor of 177251 and 18167.
491
What is the greatest common divisor of 139099 and 171?
19
Calculate the highest common factor of 140 and 45740.
20
Calculate the highest common factor of 294504 and 168.
168
Calculate the highest common divisor of 136 and 1128.
8
Calculate the highest common factor of 166920 and 33540.
780
Calculate the greatest common divisor of 613 and 23.
1
Calculate the greatest common divisor of 3110 and 50.
10
Calculate the greatest common factor of 1200 and 39300.
300
Calculate the greatest common divisor of 6118 and 222870.
874
Calculate the greatest common factor of 8000 and 150.
50
What is the greatest common divisor of 4020 and 51225?
15
What is the highest common divisor of 103462 and 8592?
358
What is the highest common factor of 73066 and 476?
238
What is the highest common divisor of 158 and 12087?
79
Calculate the highest common divisor of 3152 and 9062.
394
Calculate the highest common divisor of 7722 and 308178.
702
What is the greatest common factor of 800 and 14360?
40
What is the greatest common factor of 40 and 587160?
40
What is the highest common divisor of 13082288 and 712?
712
Calculate the highest common divisor of 163119 and 1023.
33
What is the highest common factor of 8298 and 1215?
9
Calculate the highest common factor of 176 and 5744.
16
What is the greatest common factor of 28 and 24493?
7
What is the highest common divisor of 594802 and 26?
26
Calculate the highest common factor of 46320 and 66.
6
What is the greatest common factor of 1792 and 31488?
256
Calculate the greatest common divisor of 338243 and 818.
409
What is the greatest common factor of 166 and 87814?
166
What is the greatest common divisor of 186006 and 174?
174
What is the greatest common divisor of 110 and 5175445?
55
What is the greatest common divisor of 3870 and 3999?
129
Calculate the greatest common factor of 862080 and 4800.
960
What is the highest common divisor of 230 and 4008670?
230
Calculate the highest common divisor of 236 and 3599.
59
What is the greatest common factor of 4758 and 4134?
78
What is the greatest common divisor of 93920 and 352?
32
Calculate the highest common divisor of 386889 and 87.
87
Calculate the highest common divisor of 3940 and 5020.
20
Calculate the highest common divisor of 836 and 2332.
44
What is the greatest common divisor of 144 and 127818?
18
Calculate the greatest common divisor of 904242 and 6.
6
What is the greatest common factor of 288618 and 66?
66
Calculate the greatest common divisor of 11 and 1078110.
11
What is the greatest common divisor of 72982 and 143?
13
Calculate the greatest common factor of 3718 and 7150.
286
What is the greatest common factor of 33 and 11853?
3
What is the greatest common factor of 1037 and 85?
17
What is the greatest common divisor of 1152 and 175968?
288
Calculate the highest common divisor of 150 and 839325.
75
Calculate the greatest common divisor of 174 and 2928.
6
Calculate the highest common factor of 463136 and 353.
353
What is the greatest common factor of 56 and 823144?
56
Calculate the greatest common divisor of 220675 and 8575.
175
Calculate the greatest common divisor of 1705 and 155.
155
Calculate the highest common factor of 4 and 21574.
2
What is the greatest common divisor of 176 and 18007?
11
Calculate the highest common divisor of 88 and 350048.
8
What is the greatest common factor of 16954 and 773829?
1211
What is the greatest common factor of 417 and 213921?
417
What is the greatest common divisor of 131604 and 8?
4
Calculate the highest common divisor of 216567 and 195.
39
What is the highest common divisor of 780 and 5668?
52
What is the greatest common factor of 2400 and 46000?
400
Calculate the highest common factor of 214 and 4734001.
107
Calculate the highest common divisor of 3210 and 685.
5
Calculate the highest common factor of 62 and 130.
2
Calculate the greatest common factor of 3040 and 68704.
608
What is the highest common factor of 52660 and 60?
20
What is the greatest common factor of 3016 and 213382?
754
Calculate the greatest common factor of 486 and 1215000.
486
Calculate the greatest common divisor of 2046 and 1716.
66
Calculate the greatest common factor of 35 and 1412530.
35
What is the highest common factor of 31007 and 1414?
101
What is the highest common divisor of 304 and 88844?
76
What is the greatest common factor of 58 and 43297?
29
Calculate the greatest common divisor of 216 and 7984872.
216
What is the greatest common divisor of 378 and 1205694?
126
What is the greatest common factor of 15444 and 432?
108
Calculate the highest common divisor of 1106 and 369404.
1106
What is the highest common factor of 57 and 4700923?
19
Calculate the greatest